5
Let u(d) = 1049*d + 103974. Give u(-99).
123
Let p(r) = r**3 + 5*r**2 - 31*r - 181. Calculate p(-5).
-26
Let f(n) = -52*n**2 - 1911*n + 5785. Determine f(3).
-416
Let h(i) = 65587*i**2 + 262355*i + 26. Calculate h(-4).
-2
Let m(a) = -2*a**3 - 1241*a**2 - 7986*a - 2447. Calculate m(-614).
9
Let g(k) = 13253*k + 2200035. Determine g(-166).
37
Let i(n) = n**3 + 250*n**2 + 15452*n - 449. Calculate i(-112).
-1
Let o(m) = 3*m**3 - 412*m**2 + 132*m + 298. Determine o(137).
-387
Let z(s) = s**3 - 509*s**2 - 1050*s + 14303. Determine z(511).
-5
Let n(g) = 106*g - 143. Calculate n(1).
-37
Let w(r) = r**3 - 44*r**2 - 296*r + 58. Calculate w(-6).
34
Let b(c) = -216*c + 559. Determine b(4).
-305
Let j(c) = -4*c**2 - 439*c + 26561. Calculate j(-153).
92
Let g(s) = s**3 + 24*s**2 + 58*s + 1131. What is g(-23)?
326
Let m(q) = 8*q**3 + 89*q**2 + 175*q - 2. Calculate m(-2).
-60
Let t(v) = -2*v**3 - 93*v**2 + 223*v - 905. Calculate t(-49).
173
Let b(t) = -t**3 + 170*t**2 + 168*t + 499. What is b(171)?
-14
Let o(p) = p**3 + 12*p**2 - 26*p + 17. Give o(-14).
-11
Let k(v) = -v**2 + 946*v + 87513. Calculate k(-85).
-122
Let w(d) = -3*d**2 + 137*d - 289. Calculate w(45).
-199
Let z(r) = r**2 - 173*r - 4639. Determine z(-25).
311
Let b(n) = n**2 + 9181*n + 3. Determine b(0).
3
Let k(f) = 44887*f + 89767. Give k(-2).
-7
Let t(w) = -222730*w + 445464. Determine t(2).
4
Let t(r) = -r**3 + 52*r**2 + 82*r + 1850. Calculate t(54).
446
Let f(h) = -4*h**3 + 57*h**2 + 26*h + 287. Determine f(15).
2
Let t(d) = -239*d - 50893. Give t(-213).
14
Let f(n) = -209*n - 8178. What is f(-35)?
-863
Let k(m) = -2*m**3 + 156*m**2 - 296*m - 521. What is k(76)?
87
Let d(g) = 696*g + 5646. Determine d(-8).
78
Let x(n) = 290*n**2 + 525*n + 1574. Determine x(-3).
2609
Let u(v) = 9*v**2 + 282*v - 78. Determine u(-28).
-918
Let s(q) = -69*q**2 + 639*q - 151. Determine s(9).
11
Let i(g) = -5*g**2 - 6459*g + 6447. Determine i(1).
-17
Let s(p) = -765*p + 117054. Determine s(153).
9
Let b(v) = -5307*v - 37351. What is b(-7)?
-202
Let o(f) = 148*f**2 - 334*f - 2050. Give o(5).
-20
Let d(r) = -432*r**3 - 3023*r**2 + 9*r + 5. Give d(-7).
-9
Let r(s) = -s**2 + 165*s + 180426. What is r(515)?
176
Let w(t) = -2*t**3 + 325*t**2 - 731*t - 10966. Determine w(160).
74
Let v(f) = -8795*f + 378175. Calculate v(43).
-10
Let j(l) = -3*l**2 - 17730*l - 141748. Calculate j(-8).
-100
Let r(o) = -27*o**2 + 19*o + 387. Give r(-10).
-2503
Let f(y) = 702641*y + 6323755. Give f(-9).
-14
Let v(l) = 1600*l + 36600. Calculate v(-24).
-1800
Let g(f) = 1654*f**2 + 1112*f + 1112. Determine g(-1).
1654
Let k(d) = -d**2 + 34*d + 66. Give k(35).
31
Let l(a) = 4*a**3 - 53*a**2 - 1443*a + 1178. What is l(-14)?
16
Let d(c) = c**2 - 136*c + 703. Give d(5).
48
Let v(k) = k**3 + 18*k**2 - 202*k + 72. Give v(-24).
1464
Let k(r) = 2*r**3 + 80*r**2 + 52*r + 2121. Give k(-40).
41
Let h(l) = -13998*l - 1987737. What is h(-142)?
-21
Let m(h) = 15371*h - 6747852. Give m(439).
17
Let u(t) = 126*t**2 + 2042*t + 166. Give u(-16).
-250
Let n(p) = -p**2 + 13839*p - 248785. What is n(18)?
-7
Let z(d) = 1265*d - 16470. Determine z(13).
-25
Let m(i) = i**2 - 2657*i + 165945. Determine m(64).
-7
Let a(l) = -73*l**2 - 38044*l - 119144. Give a(-518).
-4
Let i(d) = -d**2 - 107*d - 1094. Give i(-13).
128
Let o(n) = -12978*n + 363420. Calculate o(28).
36
Let r(d) = -16*d**3 + 146*d**2 - 11*d + 37. Give r(9).
100
Let h(v) = 587930*v - 1175920. What is h(2)?
-60
Let g(l) = -l**3 + 15*l**2 - 23*l + 161. Determine g(14).
35
Let h(d) = 654*d + 11732. What is h(-18)?
-40
Let m(v) = -4935*v + 34519. What is m(7)?
-26
Let n(p) = -7*p**2 + 340*p + 3050. What is n(-9)?
-577
Let d(w) = 12*w**3 - 6*w**2 + 88*w + 498. What is d(-6)?
-2838
Let j(h) = -54*h**2 + 685*h + 1016. Give j(14).
22
Let p(b) = 33*b - 1544. Calculate p(-15).
-2039
Let n(s) = -s**3 + 52*s**2 + 1001*s + 190. Give n(67).
-78
Let k(w) = w**3 - 163*w**2 - 1218*w + 172939. What is k(164)?
83
Let f(s) = 21213*s - 1018162. Give f(48).
62
Let a(r) = -8735*r + 36153. Calculate a(4).
1213
Let o(h) = 631*h - 281445. Determine o(446).
-19
Let s(c) = c**2 - 394*c - 81596. Calculate s(-150).
4
Let n(p) = -5073*p + 116670. Determine n(23).
-9
Let a(q) = 179*q**2 - 361*q + 1101. Give a(3).
1629
Let s(q) = -3706*q - 135190. What is s(-36)?
-1774
Let s(t) = 4*t**2 + 134*t - 2215. Determine s(12).
-31
Let b(s) = 2*s - 296. Determine b(-1).
-298
Let j(m) = m**3 + 22*m**2 - 208*m + 1764. What is j(-31)?
-437
Let w(z) = -1385*z + 4113. What is w(3)?
-42
Let n(b) = b**3 + 3*b**2 - 6003*b - 82. Give n(76).
-6
Let v(b) = -849*b - 16965. Calculate v(-23).
2562
Let i(x) = 5*x**3 - 11*x**2 - 549*x + 2732. What is i(5)?
337
Let m(x) = 16484*x - 99845. Determine m(6).
-941
Let r(p) = -p**3 + 3*p**2 + 2001*p - 6005. Calculate r(3).
-2
Let k(d) = 3*d**3 + 190*d**2 + 2952*d + 3. Give k(-36).
3
Let u(t) = 3551*t + 7389. Determine u(-2).
287
Let s(d) = -5*d**2 - 16953*d + 84890. Give s(5).
0
Let v(q) = 2*q**3 - 573*q**2 - 8098*q - 613. What is v(300)?
-13
Let k(h) = -1853*h - 44445. Give k(-24).
27
Let x(g) = -407*g - 12621. What is x(-31)?
-4
Let w(f) = 36254*f + 217105. Determine w(-6).
-419
Let b(r) = 528*r - 38081. What is b(72)?
-65
Let z(c) = c**3 - 45*c**2 - 1447*c + 66052. Determine z(41).
1
Let a(i) = -18*i + 690. Calculate a(46).
-138
Let q(o) = 2*o**3 + 16*o**2 + 44*o + 217. What is q(-14)?
-2751
Let p(d) = d**3 + 89*d**2 - 15285*d + 4789. Determine p(-176).
37
Let l(g) = g**3 + 168*g**2 - 2347*g - 107. What is l(13)?
-29
Let h(s) = -6*s**3 - 1751*s**2 + 371*s + 23124. What is h(-292)?
56
Let h(n) = -2*n**2 + 456*n + 14897. Determine h(-29).
-9
Let j(l) = -20*l**2 - 736*l + 163. Determine j(-37).
15
Let p(b) = -2*b**3 + 10*b**2 + 1107*b + 2193. Calculate p(-2).
35
Let x(c) = -13742*c + 68672. Determine x(5).
-38
Let l(y) = -5277*y + 522424. Give l(99).
1
Let i(o) = -o**2 - 1919*o - 41227. Calculate i(-22).
507
Let f(p) = -p**2 + 1244*p + 72707. Calculate f(-56).
-93
Let n(k) = -289*k**3 + 1141*k**2 + 1512*k + 25. Calculate n(5).
-15
Let c(s) = 1526*s - 242541. Give c(159).
93
Let y(d) = 1378*d + 191441. Calculate y(-139).
-101
Let n(a) = a**3 + 14*a**2 - 1139*a - 6344. Calculate n(-39).
52
Let t(k) = 426362*k - 51163449. Give t(120).
-9
Let o(p) = -2*p**2 + 700*p + 13165. Give o(-21).
-2417
Let i(j) = -j**2 + 683*j + 641147. What is i(-529)?
-1
Let n(k) = -256*k**2 + 2084*k + 1978. Calculate n(9).
-2
Let j(v) = v**3 + 14*v**2 + 858*v + 9122. Calculate j(-11).
47
Let f(d) = 2*d**2 + 30854*d + 18076744. What is f(-610)?
4
Let u(b) = 1736*b + 46645. What is u(-27)?
-227
Let y(x) = -x**3 - 14*x**2 + 177*x - 120. Give y(-22).
-142
Let l(i) = 13*i**2 - 412*i - 2443. Determine l(-5).
-58
Let r(b) = b**3 + 211*b**2 + 2183*b - 169. What is r(-11)?
18
Let g(i) = i**3 + 42*i**2 - 30*i - 90. Determine g(-41).
2821
Let c(y) = 6937*y - 992192. What is c(143)?
-201
Let q(v) = v**3 - 92*v**2 + 979*v - 1142. Give q(11).
-174
Let c(p) = -p**2 + 3072*p - 148703. Give c(49).
-576
Let v(b) = 529*b**2 + 4772*b - 61. Give v(-9).
-160
Let b(r) = -4*r**2 + 95*r + 140. Give b(32).
-916
Let x(p) = -7*p**3 - 4*p**2 - 172*p + 517. Calculate x(3).
-224
Let i(a) = 2*a**2 + 297*a + 9219. Give i(-44).
23
Let v(z) = -4549*z + 23883. Give v(5).
1138
Let n(u) = 316*u - 848. Give n(6).
1048
Let o(s) = 104*s**2 - 1868*s - 77. Calculate o(18).
-5
Let g(p) = -37*p**3 + 42*p**2 + 119*p - 3. Calculate g(-3).
1017
Let z(n) = -132133*n**2 + 660667*n - 26. Calculate z(5).
-16
Let b(p) = -3*p**2 - 239*p + 2680. What is b(-86)?
1046
Let l(b) = -b**2 - 136*b + 8934. Give l(-184).
102
Let n(i) = -2*i**3 + 32*i**2 + 111*i - 2313. Determine n(10).
-3
Let t(h) = -h**3 - 52*h**2 - 269*h - 11121. Give t(-51).
-3
Let f(z) = -1156*z - 4320. Determine f(-4).
304
Let l(j) = -103*j + 2574. What is l(18)?
720
Let u(z) = -127*z**2 + 744*z + 125. Determine u(6).
17
Let k(q) = -6689*q - 6881. Determine k(-1).
-192
Let j(q) = q**3 + 305*q**2 - 635*q - 6635. What is j(-307)?
-188
Let d(n) = 2*n**3 + 14*n**2 + 45*n + 73. What is d(-6)?
-125
Let g(a) = a**3 - 2*a**2 - 371*a - 5596. What is g(-17)?
-4780
Let c(m) = 217*m**3 - 3*m**2 + 19*m - 35. Determine c(2).
1727
Let i(u) = -287*u - 5677. Give i(-19).
-224
Let c(u) = -90*u**2 - 16*u + 9. Determine c(-3).
-753
Let a(c) = -12*c**3 